hen a(r) is divided by 22.
21
Let z be 2 + ((-9 + 1)/2 - -5). Calculate the remainder when 102 is divided by ((-9 - 3) + z)/(4/(-12)).
21
Let o(t) = 696*t + 715. What is the remainder when 2943 is divided by o(-1)?
17
Suppose 53 = -4*z - 2*c + 191, -4*c = 4. What is the remainder when 822/8 + (-2)/(-8) is divided by z?
33
Let n = 241 + -169. What is the remainder when 71/4*(-5 + 187/11) is divided by n?
69
Let z(g) = g**3 - 19*g**2 + 42*g - 561. Calculate the remainder when z(19) is divided by 65.
42
Let v be 114/(-16) + -4 + 132/32. What is the remainder when 221 is divided by (304/(-64) + v)/((-1)/4)?
33
Let p(n) = -n**3 - 10*n**2 - 2*n - 1. What is the remainder when p(-12) is divided by -78*((-12)/(-27) + 17/(-18))?
38
Let q(b) = -3*b**2 - 29*b - 49. Let o be q(-6). Suppose -o*x + 6*x + 385 = 0. What is the remainder when 122 is divided by x?
17
Suppose 0 = 6*j - 939 + 903. Let s = 19 - 15. Suppose -3*g = -s*v - 46 - 0, -g - v = -27. What is the remainder when g is divided by j?
4
Suppose 0 = -28*s + 26*s. Suppose -u = s, 2*d + 4*u - 937 + 15 = 0. Calculate the remainder when d is divided by 58.
55
Let b = -1 + 51. Let z be (-5)/(b/(-8))*25. Suppose -4*c - 3*j = 2*j - z, 5*c - 3*j - 25 = 0. What is the remainder when 34 is divided by c?
4
Suppose 5*m = 3*h - 16, h - 5*m - 16 = -4. Suppose -2*b = b + h*i, 2*i = 5*b. Suppose b = 3*d - 70 - 5. What is the remainder when 48 is divided by d?
23
Let r be (((-12)/7)/(-3))/((-82)/(-861)). Suppose -r*n + n - t = -109, -4*n - 5*t = -83. What is the remainder when n is divided by 12?
10
Suppose -15*x = -19*x - 16, 0 = 2*j + 3*x - 1298. Let o = j + -544. Calculate the remainder when o is divided by 58.
53
Let z(i) = 6*i + 3*i**2 + i - 9 + 3*i - 11. Let t be z(5). Suppose 8*x - t = 3*x. Calculate the remainder when 61 is divided by x.
19
Let i(t) = -35*t + 41. Let l be i(5). Let b = l - -169. Calculate the remainder when 104 is divided by b.
34
Let d be (-12)/(0 - (84/(-16))/(-7)). Suppose 2*s + 0*s - 184 = 0. Suppose 3*g + s + 52 = 4*f, 0 = -4*g + d. What is the remainder when f is divided by 20?
19
Let g be (8 - 10)/((-2)/2). Suppose 9*y = -g*y + 462. Calculate the remainder when 119 is divided by y.
35
Let y = -782 + 812. Suppose -41*h + 43*h - 202 = 0. What is the remainder when h is divided by y?
11
Suppose 159 = 24*n - 57. Suppose -57 = -5*a + 2*f, n = -3*a + 4*f + 46. Calculate the remainder when 30 is divided by a.
8
Suppose -3*m + 2*p - 3*p - 10 = 0, -3*p = 3. Let r be 6348/(-36) - (-2)/m. Let q = r + 250. Calculate the remainder when q is divided by 19.
16
Let q = 37 - 38. Let y(n) = -39*n**3 + n**2 + n + 1. Suppose 2*o - 2 = 4*g, 0 = 5*o - o + 2*g - 34. Calculate the remainder when y(q) is divided by o.
5
Suppose 7*o - 2*o = 530. Suppose 174 = 3*d + 5*v, -4*v + 41 = 2*d - 73. What is the remainder when o is divided by d?
43
Let f(o) = -267*o - 4796. What is the remainder when 2138 is divided by f(-18)?
8
Let o = -4488 + 4541. What is the remainder when 421 is divided by o?
50
Let m(c) = 11*c**2 + c + 3. Let n = -65 + 184. Let z = n + -94. Calculate the remainder when m(-3) is divided by z.
24
Let l = 261 + 161. Let m = -411 + l. What is the remainder when 2 + -2 + 1 + 40 is divided by m?
8
Suppose -5*n + 3*n + 768 = 3*r, 0 = -5*r - 30. Calculate the remainder when n is divided by 78.
3
Suppose -3670 - 2255 = 79*z. Suppose -4*i - 185 = 27. Let g = i - z. What is the remainder when 60 is divided by g?
16
Let l = 50 + -52. Let c(b) = -79*b. Calculate the remainder when c(l) is divided by (-70)/(-2) + (-6 + 1 - -2).
30
Let h be 1300/78*(-6)/(-4). Suppose h*a + 104 = 29*a. Suppose -5*i + 360 = -5*p, -2*p = -4*i - 73 + 371. What is the remainder when i is divided by a?
25
Let s(z) = -169*z + 172. What is the remainder when 1181 is divided by s(0)?
149
Suppose -273*z + 778012 = 274327. Calculate the remainder when z is divided by 168.
165
Let c(y) = 366*y**3 - 14*y**2 + 14*y - 2. Calculate the remainder when c(2) is divided by 8.
2
Suppose -11*o + 13929 - 8139 = -10996. What is the remainder when o is divided by 139?
136
Let z(m) = -m**2 - 16*m - 25. Let d be z(-10). Suppose -d*l + 30*l = -355. Suppose 4*i = 61 + 11. What is the remainder when l is divided by i?
17
Let a be (3*1)/((-24)/(-152))*1. Let v(n) = n**2 + 12*n + 20. Let t be v(-10). Suppose t = z - a. What is the remainder when 50 is divided by z?
12
What is the remainder when (-1)/15*5*(-46 + 1) is divided by (3/9)/(1/39)?
2
Suppose 117 = -0*k + 3*k. Suppose 0 = 105*y - 127*y + 880. Suppose 6750 = y*v - 15*v. Calculate the remainder when v is divided by k.
36
Suppose -18*f + 10253 - 8813 = 0. What is the remainder when 804 is divided by f?
4
Let s = -20956 + 21646. Calculate the remainder when s is divided by 226.
12
Suppose -28*k - 62*k = 59*k - 97893. Calculate the remainder when k is divided by 168.
153
Let b(v) = 3*v**3 - 7*v**2 + 3*v + 4. Suppose 846 = 10*i - 14. What is the remainder when i is divided by b(3)?
24
What is the remainder when (-10)/(-5)*((-39890)/(-75) - 8/(-60)) is divided by 521?
22
Suppose -14*a + 12*a = -1184. Suppose -368 = -15*h + a. What is the remainder when 115 is divided by h?
51
Suppose 4*a = -3*a + 21. Suppose 2*h - k = -h + 553, a*k - 191 = -h. Calculate the remainder when h is divided by 11.
9
Let o be 19/((-114)/(-36)) + -401. Let m = o - -422. Calculate the remainder when 242 is divided by m.
26
Suppose -3*r - 31 = -2*x + 4, -4*x = -4*r - 44. Let q(k) = -k + 47. What is the remainder when 159 is divided by q(r)?
39
Let t(r) be the first derivative of r**3/3 + 10*r**2 - 152*r + 193. What is the remainder when 30 is divided by t(6)?
2
Let x be 0/(-1)*(-6)/(-12). Suppose x = g + 4*n - 36, 0 = -0*g - 5*g - 5*n + 105. Calculate the remainder when g is divided by 5.
1
Let w(y) = -19*y - 456. What is the remainder when w(-43) is divided by 90?
1
Suppose -2*x = -5*m + 223, -2*m - 3942*x = -3940*x - 78. Calculate the remainder when 18444 is divided by m.
40
Let b = 21 + -11. Let s be 1/2 + 684/8 + 2. Suppose h + 85 = s. Calculate the remainder when b is divided by h.
1
Let j = -2808 - -3021. What is the remainder when j is divided by 125?
88
Let q(u) = 197*u**2 + 669*u - 35. What is the remainder when q(-4) is divided by 147?
0
Suppose -45*t - 72 = -103*t + 54*t. Let r(j) = 5*j**2 + j - 1. Calculate the remainder when r(2) is divided by t.
3
Suppose -2*i - 10 - 8 = 0. Let c(p) = 2*p**2 + 14*p - 12. Let t be c(i). Let x = 8 + t. Calculate the remainder when x is divided by 17.
15
Let x(g) = -41*g**3 - 4*g**2 + 1. Let n be x(-1). Suppose -2*p + n = -82. Calculate the remainder when 114 is divided by p.
54
Let n(q) = -3*q + 3 - 2 + 2*q + 5. Let v(k) = k**2 + 65*k + 308. What is the remainder when n(-8) is divided by v(-5)?
6
Let a = -11 - -25. Let k = -6557 + 6678. Calculate the remainder when k is divided by a.
9
Let h(z) = z**3 - 16*z**2 - 38*z + 5. Let x be h(18). Let i = x + -5. Let f = 54 + i. Calculate the remainder when 46 is divided by f.
10
Let b = -39 + 113. Calculate the remainder when b is divided by 26 + 13/(247/(-361)).
4
Suppose -d = 2*h - 15, 0 = -4*h - 10 - 2. Suppose d*p - 39*p + 5580 = 0. Calculate the remainder when p is divided by 63.
58
Suppose 2*i - 8*z - 13298 = -6*z, 5*i + z = 33245. What is the remainder when i is divided by 25?
24
Suppose -776 = -4*g - 3*r, -3*g + 8*g = -5*r + 965. What is the remainder when g is divided by (630/378)/(10/174)?
23
Suppose -2*t + t - 4*m + 231 = 0, 5*t - 4*m - 1107 = 0. Let j be (-2 - 12/(-9))*174. Let d = j + t. Calculate the remainder when d is divided by 22.
19
Let z = -775 + 780. Suppose 99 + 573 = 2*f + z*m, -16 = 4*m. Calculate the remainder when f is divided by 58.
56
Let g(h) = 7*h + h - 1 + h**3 + 2*h - 8*h - 7*h**2. What is the remainder when 284 is divided by g(7)?
11
Suppose -163 = -3*h - 51*a + 46*a, -a = -h + 57. Calculate the remainder when 6662 is divided by h.
54
Suppose -3 + 5 = -2*y. Let h be -40*(-2 + 0 - y). Suppose -b + 15 = 4*w, -2*b - 3*w + h = -0*b. What is the remainder when 87 is divided by b?
18
Suppose -6*s + 11*s = 5*m - 950, 6 = s. Let z(p) = 12*p + 4. What is the remainder when m is divided by z(4)?
40
Suppose -y - y = 5*v - 10, 5*y + 6 = 3*v. Suppose -v*l - 5*c + 63 = 0, -4*l + 91 = 11*c - 8*c. Calculate the remainder 